 What is the greatest common factor of 132 and t?
66
Let m = -2154 + 6494. What is the greatest common factor of m and 31?
31
Let w(q) = 142*q**2 - 8*q + 9. Let x be w(1). Let a = 422 - x. Calculate the greatest common factor of a and 31.
31
Let v = 6606 - 5670. Calculate the highest common divisor of 520 and v.
104
Let y(r) = -4*r**2 + 241*r - 2. Let l be y(58). What is the greatest common divisor of 40 and l?
40
Let j = 60 - 55. Suppose j*i + 6 = 26. Suppose 54 + 278 = i*m + 4*c, 4*m - c = 317. What is the highest common factor of m and 16?
16
Let l be (-14)/28*(-16)/2. Let y be (-70)/l*(-6 - -2). Let c = -64 + y. Calculate the greatest common factor of c and 42.
6
Let h = -11547 + 11567. What is the greatest common divisor of 320 and h?
20
Suppose -d - 10 = 3*u - 30, -4*d - 3*u + 98 = 0. Suppose -64 = -2*i + d. What is the highest common factor of i and 144?
9
Let g(i) be the first derivative of 8*i**2 - 22 - 4*i + 0*i**2 - 13*i**2 + 11*i**2. Let c be g(1). Calculate the highest common divisor of 8 and c.
8
Suppose -34*i + 32*i + 4 = 0. Suppose 0 = i*h + 6*h - 304. Let r = h - 8. Calculate the greatest common divisor of 5 and r.
5
Let y(h) = 6*h**2 - 24*h + 27. Let a be y(9). What is the greatest common factor of 99 and a?
99
Suppose 5*n - 1 - 9 = 0. Suppose 4*p + 39 = 9*p - 2*g, 3*p - 18 = 3*g. Suppose 59 = p*l - 31. What is the greatest common divisor of l and n?
2
Suppose -3426 - 1059 = -16*l + 3611. Calculate the greatest common divisor of l and 322.
46
Let l(s) be the third derivative of -11*s**4/24 - 19*s**3 - s**2 - 68. Let i be l(-12). What is the highest common divisor of i and 120?
6
Let i be ((-13216)/9)/(-7) + (-10)/(-45). Let v be i/(-40)*8/(-6). What is the highest common divisor of v and 203?
7
Let w = -3 - -5. Let q = 29518 - 29514. Calculate the highest common divisor of q and w.
2
Suppose 13*b - 280 = -4*b + 10*b. Calculate the greatest common divisor of b and 25.
5
Suppose 0 = d + 177 - 189. Let h(r) = r**2 + 12*r - 17. Let k be h(-15). Calculate the highest common divisor of k and d.
4
Let d = -111 + 195. Suppose 4*n + d - 15 = 3*v, v - 18 = 3*n. What is the greatest common divisor of v and 27?
27
Let l(j) be the first derivative of 11*j**2/2 + 13*j - 7. Let v be l(22). Calculate the highest common factor of v and 15.
15
Suppose -8*i = -11*i - 51. Let c = i - -19. Suppose 8 = c*g - 4. What is the highest common factor of g and 78?
6
Let k = 57 - 8. Let n be ((-27)/(-18))/((-3)/76). Let o = k + n. Calculate the greatest common divisor of o and 44.
11
Let a = 31 + -67. Let g be (-4)/(-6) - 1848/a. Let k = 100 - g. What is the greatest common factor of 64 and k?
16
Let w(h) = h**2 + h + 3. Let p be w(0). Suppose 4*g + 270 = 5*d - 389, -d + 2*g = -127. Let i = 141 - d. What is the greatest common divisor of i and p?
3
Suppose 410*w = -89*w + 114770. Calculate the highest common factor of w and 590.
10
Let b be 5 + 34 - -1*1. Let r be -3*2/(-6)*65. Suppose -7*v - 6*v + r = 0. What is the highest common divisor of v and b?
5
Let b = 29 - 25. Suppose -2*s = -0*s - b. Suppose -s*f + 6 = -18. Calculate the highest common divisor of f and 96.
12
Suppose -5*w + 3*g = 5*g - 10, 4*w - 3*g = 8. Suppose w*v - v = 2*v. Let o be (5 - (3 + v))*2. Calculate the greatest common factor of o and 2.
2
Suppose 645*r - 28580 - 29164 = 50616. Suppose -2*a - 3*a + 490 = 0. Calculate the highest common factor of a and r.
14
Suppose 3*y - 255 = 3*v, 0*v = -5*y - 3*v + 393. Let j = 301 - 97. Suppose -11*s - 6 = -j. What is the highest common factor of y and s?
9
Let r(b) = 0 + 10 - b + b**2 - 9. Let c be r(5). Suppose -3*t - 1261 = -4*w, -2*w + c = 2*t - 627. What is the highest common divisor of w and 29?
29
Suppose 5*o - 18*n = -22*n + 83542, 4*n - 33412 = -2*o. What is the highest common factor of o and 75?
15
Let h be ((-3)/4)/(1/(-40)). Suppose 12*o - 17*o - 378 = 3*g, 4*o = -3*g - 381. Let p = 146 + g. What is the greatest common divisor of p and h?
15
Let h = -6255 - -6278. What is the highest common factor of 3151 and h?
23
Let y(i) = 6*i - 36. Let k be y(7). Let l be (20/24)/(7/84*1). Calculate the highest common factor of k and l.
2
Suppose -2595 = -k + 4*n, 30*k + 2619 = 31*k + 2*n. Calculate the greatest common factor of k and 21.
7
Let y be ((-15)/6 + 2)*4*-63. Suppose 0*i + 3*i + y = 0. Let l be (-2931)/i*2 + (-30)/(-70). What is the highest common factor of 28 and l?
28
Let v = 67 + 66. Suppose 0 = -4*l + 3*g - 47 + v, -l + 10 = 5*g. Calculate the highest common factor of 5 and l.
5
Suppose 0 = -52*a - 18*a + 19530. Suppose -2*s - 6 + 24 = 0. What is the highest common divisor of s and a?
9
Suppose -4*b - 3776 = -5*q, -78*b - 2244 = -3*q - 81*b. Calculate the greatest common factor of q and 1316.
188
Let q(o) = 9*o**2 - 5*o - 3. Suppose -5 = y + n, 4*n + 2 = -y - 0*y. Let c = y + 3. Let d be q(c). What is the highest common factor of d and 31?
31
Suppose 0 = 1050*f - 966*f - 63672. What is the greatest common divisor of 2 and f?
2
Suppose -6*c + 12*c - 2*c = 0. Suppose -g + 11*g - 390 = c. Let u(i) = i**3 + 7*i**2 + 2*i - 11. Let y be u(-6). What is the highest common factor of y and g?
13
Let h(g) = g**3 - g**2 + 100. Let b be h(0). Suppose -66*x = -64*x - b. Calculate the greatest common factor of 20 and x.
10
Let x(c) = -7*c**2 + 16*c - 12. Let d(h) = -6*h**2 + 18*h - 14. Let z(k) = 5*d(k) - 6*x(k). Let j be z(-2). What is the highest common factor of 713 and j?
31
Let v = -14512 - -16612. What is the highest common factor of 1300 and v?
100
Let n = -37087 - -38179. Calculate the greatest common factor of n and 6720.
84
Let i = -108 + -81. Let f = -279 - i. Let b = -78 - f. Calculate the highest common divisor of b and 18.
6
Let j(u) be the first derivative of 8*u + 0*u**3 - 1/2*u**2 - 6 + 1/4*u**4. Let h be j(0). What is the highest common factor of 136 and h?
8
Let h(o) be the second derivative of -19*o + 0 - 7/6*o**4 + 13/6*o**3 + 1/20*o**5 + 27/2*o**2. Let x be h(13). Calculate the greatest common divisor of 3 and x.
3
Suppose 0 = -7*h + 8*h + 228. Let p = h + 248. Let x(t) = t**2 + 1. Let b be x(-7). Calculate the highest common divisor of p and b.
10
Let q(i) = 2*i**2 + 20*i + 34. Let n be q(-7). Let g = n + 40. What is the greatest common divisor of g and 96?
32
Let p(j) = 5*j**3 - 10*j - 6*j**3 + 7*j**2 + 41 - 39 + 2*j**3. Let f = 12 + -20. Let m be p(f). Calculate the highest common divisor of 27 and m.
9
Let j be -1*2*(-2)/4. Let m be (-1)/j*13*-22. Let d be (-6 + 4)/(16/(-208)). Calculate the highest common divisor of m and d.
26
Let f be (-7)/(93/48 + -2). Let y(x) = -12*x - 88. Let b be y(-13). Suppose 4*l - f = b. Calculate the highest common divisor of 5 and l.
5
Let b(t) = t**3 + 170*t**2 - 707*t - 110. Let z be b(-174). Calculate the highest common factor of 616 and z.
44
Let g(u) = u**3 + 43*u**2 + 74*u - 67. Let n be g(-40). Calculate the highest common factor of n and 9.
9
Suppose -1740*s = -1745*s + 9715. What is the highest common divisor of 58 and s?
29
Suppose -45*j + 7389 = 1224. Let y = -3 - 110. Let i = y + j. What is the greatest common factor of i and 3?
3
Let n(l) = l**3 + 10*l**2 - 18*l - 9. Let b be n(-11). Suppose -b*u + 71*u = 678. Suppose -6*a = -u - 794. What is the highest common factor of 68 and a?
34
Suppose 24*a - 522 = -186. Let g be a + 13 + (-13 - -6). What is the greatest common factor of g and 310?
10
Let o be (-2)/12 - 962/(-12). Let w = -67 + o. Calculate the greatest common factor of 13 and w.
13
Suppose 0 = -3*a - 4*t + 23, 5*a + t = 28 + 16. Suppose a*h - 16 = 7*h. Let o be 2/((-2)/h + (-2250)/(-8424)). Calculate the greatest common divisor of o and 9.
9
Let o(l) be the second derivative of -l**5/20 - l**4/2 + 2*l**2 - 4*l - 5. Let d be o(-6). What is the highest common factor of 2 and d?
2
Let w be (-51 - -2)/(-7) + -10. Let s be 3/w*3*(-8855)/15. What is the greatest common factor of s and 77?
77
Suppose -5*u + 2*o + 45 = 0, -4*o + 8 = 13*u - 9*u. Suppose 1488 - 5604 = -u*c. What is the greatest common divisor of 21 and c?
21
Let c be 200/600 + 2684/3. What is the highest common factor of 5 and c?
5
Let y be (-415 - -422) + 6*(0 + (-1)/(-2)). Calculate the highest common factor of 194 and y.
2
Suppose 404 = 5*m + 5*d - 906, 4*m = 2*d + 1072. Calculate the greatest common divis